est common divisor of 448046166 and 1698?
1698
What is the greatest common divisor of 2048390 and 15?
5
Calculate the highest common divisor of 8397 and 1511190.
27
Calculate the highest common factor of 11552 and 173546.
38
What is the greatest common factor of 13662 and 1081545399?
6831
What is the greatest common divisor of 2980416 and 437?
19
What is the highest common factor of 715933244 and 156?
52
Calculate the highest common factor of 231472 and 20056.
184
What is the highest common factor of 2800 and 156594800?
400
Calculate the highest common factor of 89766972 and 516.
516
What is the highest common factor of 62380 and 304780?
20
Calculate the highest common factor of 1519020 and 1020.
60
What is the highest common factor of 140219 and 294488?
281
What is the greatest common factor of 89924341 and 65?
13
Calculate the highest common factor of 23 and 3979845549.
23
What is the highest common factor of 348 and 3685764?
12
Calculate the highest common divisor of 4216494 and 66434.
118
What is the highest common divisor of 8533039 and 293?
293
Calculate the highest common factor of 66700908 and 11430.
2286
What is the greatest common factor of 134584 and 8?
8
Calculate the highest common factor of 386565 and 525.
15
Calculate the highest common factor of 4358307 and 23787.
2643
What is the highest common divisor of 114 and 149698?
2
What is the highest common factor of 55419054 and 7080?
354
What is the highest common divisor of 990 and 116592?
6
Calculate the greatest common divisor of 29054546 and 37.
37
What is the highest common factor of 22313594 and 141204?
3362
What is the greatest common divisor of 29746 and 45314?
278
What is the highest common factor of 3 and 9191031?
3
What is the greatest common divisor of 2751591 and 279?
93
Calculate the highest common divisor of 16730740 and 13.
13
Calculate the highest common factor of 18726653 and 55.
11
Calculate the highest common divisor of 2664 and 22540770.
666
Calculate the greatest common divisor of 1517179 and 3.
1
What is the highest common factor of 515500482 and 1176?
294
Calculate the greatest common factor of 208 and 34553688.
104
Calculate the highest common divisor of 1054044 and 20539.
437
Calculate the highest common divisor of 44236 and 118752.
4
What is the greatest common factor of 6376986 and 77?
77
What is the greatest common divisor of 72513664 and 192?
64
What is the highest common factor of 1851147 and 43401?
1887
What is the highest common factor of 316995 and 4494?
21
What is the greatest common factor of 7697 and 1100801849?
7697
What is the greatest common factor of 695 and 28832770?
695
What is the greatest common factor of 12627354 and 870?
174
What is the greatest common divisor of 12046 and 144077?
19
What is the highest common divisor of 4745 and 11853959?
949
Calculate the greatest common divisor of 1140265 and 21455.
35
Calculate the highest common divisor of 12120 and 194349048.
2424
What is the highest common factor of 25728 and 406304?
32
What is the greatest common factor of 60850 and 3113086?
2434
What is the highest common divisor of 1417 and 39235313?
1417
Calculate the greatest common factor of 1519183 and 503513.
2161
Calculate the highest common divisor of 1595169809 and 1238.
619
What is the highest common factor of 446 and 9905660?
446
What is the highest common factor of 27360 and 16125490?
190
Calculate the greatest common divisor of 1295 and 333259.
37
Calculate the greatest common factor of 11025349 and 274.
137
Calculate the greatest common divisor of 36667772 and 36.
4
Calculate the greatest common divisor of 882163 and 205901.
1889
Calculate the greatest common factor of 502 and 219027118.
502
Calculate the greatest common divisor of 1503575 and 18.
1
What is the greatest common divisor of 1534898903 and 1429?
1429
What is the highest common divisor of 1232 and 288002?
22
Calculate the highest common divisor of 11716 and 13204.
4
What is the highest common factor of 1342613985 and 15?
15
Calculate the highest common divisor of 3109295 and 23310.
1295
What is the highest common divisor of 2926 and 1880430?
38
Calculate the highest common divisor of 2028 and 341903900.
676
Calculate the highest common divisor of 11 and 26614577.
11
What is the highest common divisor of 1647141614 and 4364?
2182
What is the greatest common divisor of 493031 and 231?
77
What is the greatest common divisor of 1818264 and 632?
632
Calculate the highest common factor of 642 and 1529886.
642
Calculate the greatest common divisor of 1344222 and 5577.
33
Calculate the highest common divisor of 564600 and 4530.
30
Calculate the greatest common factor of 6358 and 941732.
374
What is the highest common factor of 18917148 and 16?
4
What is the highest common factor of 22716 and 6849?
9
What is the greatest common factor of 1858 and 9938?
2
Calculate the highest common divisor of 23373 and 41125.
7
What is the greatest common divisor of 2 and 23506109?
1
What is the greatest common factor of 209 and 1239503?
19
Calculate the highest common factor of 60240 and 1941234.
1506
Calculate the greatest common factor of 495 and 187032945.
165
What is the greatest common factor of 22319349 and 3?
3
What is the highest common factor of 12985 and 2674645?
265
What is the greatest common factor of 68989151 and 8811?
979
Calculate the greatest common factor of 8007657 and 48852.
4071
Calculate the greatest common factor of 49651 and 18853194.
7093
What is the highest common divisor of 31 and 723189917?
31
Calculate the highest common factor of 9408 and 61813248.
1344
What is the greatest common divisor of 14620 and 7533686?
1462
What is the highest common divisor of 3570 and 54615?
15
Calculate the highest common divisor of 28832 and 3350819.
901
What is the highest common factor of 487750 and 2391926?
3902
What is the highest common divisor of 46116 and 786492?
252
What is the highest common divisor of 284278849 and 61?
61
What is the greatest common divisor of 5594120 and 840?
280
What is the highest common divisor of 245128 and 11752?
104
Calculate the greatest common factor of 42321541 and 310.
31
What is the greatest common factor of 6330466 and 61549?
1009
What is the highest common divisor of 1386963144 and 49824?
12456
Calculate the greatest common divisor of 43340 and 627660.
220
What is the highest common factor of 20034 and 4106214?
378
Calculate the greatest common divisor of 11335545 and 23868.
351
What is the highest common divisor of 155350 and 1534?
26
What is the greatest common divisor of 77 and 16634779?
7
Calculate the highest common factor of 2641086 and 24106.
34
Calculate the highest common divisor of 23604122 and 8298.
922
Calculate the highest common divisor of 243219 and 358530.
969
Calculate the highest common divisor of 2237964 and 6792.
3396
What is the greatest common divisor of 1359791 and 1183459?
3391
What is the highest common factor of 121278 and 54770328?
2958
What is the highest common factor of 23462720 and 3264?
1088
Calculate the greatest common factor of 462 and 6412362.
66
Calculate the greatest common divisor of 243 and 674112.
3
What is the highest common factor of 411192020 and 40?
20
Calculate the greatest common divisor of 15624 and 759128.
248
Calculate the greatest common factor of 48 and 29007486.
6
What is the highest common divisor of 310648 and 22649?
29
What is the highest common divisor of 21813286 and 2994?
998
Calculate the greatest common divisor of 31025940 and 43065.
4785
Calculate the highest common divisor of 31636388 and 1224.
68
What is the highest common divisor of 6984 and 84408?
24
What is the greatest common divisor of 62 and 30099977?
31
What is the greatest common factor of 79800027 and 453?
453
What is the greatest common factor of 16250 and 1557125?
125
What is the highest common factor of 306434 and 3575569?
1517
What is the greatest common factor of 194293588 and 369?
41
What is the highest common factor of 35076 and 4101996?
948
Calculate the greatest common divisor of 23403884 and 18172.
1652
What is the greatest common factor of 1323166 and 234?
26
What is the highest common divisor of 1180 and 244303660?
1180
What is the greatest common factor of 260087 and 716?
179
Calculate the highest common 